{"id":480,"date":"2025-11-30T14:14:05","date_gmt":"2025-11-30T13:14:05","guid":{"rendered":"https:\/\/www.koerperbewusstessen.at\/?page_id=480"},"modified":"2025-11-30T14:14:06","modified_gmt":"2025-11-30T13:14:06","slug":"darm-als-zentrum-der-gesundheit","status":"publish","type":"page","link":"https:\/\/www.koerperbewusstessen.at\/?page_id=480","title":{"rendered":"Darm als Zentrum der Gesundheit"},"content":{"rendered":"\n<p>Unser Darm beeinflusst weit mehr als die Verdauung \u2013 er spielt eine zentrale Rolle f\u00fcr Wohlbefinden, Energielevel und Immunsystem. In diesem Vortrag zeige ich leicht verst\u00e4ndlich und alltagsnah, warum der Darm so wichtig ist und wie wir ihn gezielt unterst\u00fctzen k\u00f6nnen. Welche Lebensmittel, Gewohnheiten und kleine Ver\u00e4nderungen dem Darm guttun und wie ein ausgeglichener Darm zu mehr Vitalit\u00e4t im Alltag beitr\u00e4gt, ist Hauptthema des Vortrags. Denn unser Darm entscheidet ob wir gesund oder krank sind. <\/p>\n","protected":false},"excerpt":{"rendered":"<p>Unser Darm beeinflusst weit mehr als die Verdauung \u2013 er spielt eine zentrale Rolle f\u00fcr Wohlbefinden, Energielevel und Immunsystem. In diesem Vortrag zeige ich leicht verst\u00e4ndlich und alltagsnah, warum der Darm so wichtig ist und wie wir ihn gezielt unterst\u00fctzen k\u00f6nnen. Welche Lebensmittel, Gewohnheiten und kleine Ver\u00e4nderungen dem Darm guttun und wie ein ausgeglichener Darm [&hellip;]<\/p>\n","protected":false},"author":1,"featured_media":0,"parent":0,"menu_order":0,"comment_status":"closed","ping_status":"closed","template":"","meta":{"footnotes":""},"class_list":["post-480","page","type-page","status-publish","hentry"],"_links":{"self":[{"href":"https:\/\/www.koerperbewusstessen.at\/index.php?rest_route=\/wp\/v2\/pages\/480","targetHints":{"allow":["GET"]}}],"collection":[{"href":"https:\/\/www.koerperbewusstessen.at\/index.php?rest_route=\/wp\/v2\/pages"}],"about":[{"href":"https:\/\/www.koerperbewusstessen.at\/index.php?rest_route=\/wp\/v2\/types\/page"}],"author":[{"embeddable":true,"href":"https:\/\/www.koerperbewusstessen.at\/index.php?rest_route=\/wp\/v2\/users\/1"}],"replies":[{"embeddable":true,"href":"https:\/\/www.koerperbewusstessen.at\/index.php?rest_route=%2Fwp%2Fv2%2Fcomments&post=480"}],"version-history":[{"count":1,"href":"https:\/\/www.koerperbewusstessen.at\/index.php?rest_route=\/wp\/v2\/pages\/480\/revisions"}],"predecessor-version":[{"id":481,"href":"https:\/\/www.koerperbewusstessen.at\/index.php?rest_route=\/wp\/v2\/pages\/480\/revisions\/481"}],"wp:attachment":[{"href":"https:\/\/www.koerperbewusstessen.at\/index.php?rest_route=%2Fwp%2Fv2%2Fmedia&parent=480"}],"curies":[{"name":"wp","href":"https:\/\/api.w.org\/{rel}","templated":true}]}}

<p>Unser Darm beeinflusst weit mehr als die Verdauung – er spielt eine zentrale Rolle für Wohlbefinden, Energielevel und Immunsystem. In diesem Vortrag zeige ich leicht verständlich und alltagsnah, warum der Darm so wichtig ist und wie wir ihn gezielt unterstützen können. Welche Lebensmittel, Gewohnheiten und kleine Veränderungen dem Darm guttun und wie ein ausgeglichener Darm zu mehr Vitalität im Alltag beiträgt, ist Hauptthema des Vortrags. Denn unser Darm entscheidet ob wir gesund oder krank sind. </p>

<p>Unser Darm beeinflusst weit mehr als die Verdauung – er spielt eine zentrale Rolle für Wohlbefinden, Energielevel und Immunsystem. In diesem Vortrag zeige ich leicht verständlich und alltagsnah, warum der Darm so wichtig ist und wie wir ihn gezielt unterstützen können. Welche Lebensmittel, Gewohnheiten und kleine Veränderungen dem Darm guttun und wie ein ausgeglichener Darm [&hellip;]</p>
