{"id":477,"date":"2025-11-30T14:10:03","date_gmt":"2025-11-30T13:10:03","guid":{"rendered":"https:\/\/www.koerperbewusstessen.at\/?page_id=477"},"modified":"2025-11-30T14:10:05","modified_gmt":"2025-11-30T13:10:05","slug":"der-ideale-tag","status":"publish","type":"page","link":"https:\/\/www.koerperbewusstessen.at\/?page_id=477","title":{"rendered":"Der ideale Tag"},"content":{"rendered":"\n<p>Zu viele Informationen zu unterschiedlichen Gesundheitsthemen machen es schwer, allen zu folgen. Vor allem Ern\u00e4hrungstipps gibt es viele, zudem sollte man sich regelm\u00e4\u00dfig bewegen, seine Schlafqualit\u00e4t erh\u00f6hen und sich Zeit f\u00fcr dich selbst nehmen \u2013 doch wie l\u00e4sst sich all das im Alltag unterbringen? Dieser Vortrag versucht aufzuzeigen, wie ein gesunder Tagesablauf aussehen kann &#8211; von Ern\u00e4hrung \u00fcber Bewegung und Schlaf.<\/p>\n\n\n\n<p><\/p>\n","protected":false},"excerpt":{"rendered":"<p>Zu viele Informationen zu unterschiedlichen Gesundheitsthemen machen es schwer, allen zu folgen. Vor allem Ern\u00e4hrungstipps gibt es viele, zudem sollte man sich regelm\u00e4\u00dfig bewegen, seine Schlafqualit\u00e4t erh\u00f6hen und sich Zeit f\u00fcr dich selbst nehmen \u2013 doch wie l\u00e4sst sich all das im Alltag unterbringen? Dieser Vortrag versucht aufzuzeigen, wie ein gesunder Tagesablauf aussehen kann &#8211; [&hellip;]<\/p>\n","protected":false},"author":1,"featured_media":0,"parent":0,"menu_order":0,"comment_status":"closed","ping_status":"closed","template":"","meta":{"footnotes":""},"class_list":["post-477","page","type-page","status-publish","hentry"],"_links":{"self":[{"href":"https:\/\/www.koerperbewusstessen.at\/index.php?rest_route=\/wp\/v2\/pages\/477","targetHints":{"allow":["GET"]}}],"collection":[{"href":"https:\/\/www.koerperbewusstessen.at\/index.php?rest_route=\/wp\/v2\/pages"}],"about":[{"href":"https:\/\/www.koerperbewusstessen.at\/index.php?rest_route=\/wp\/v2\/types\/page"}],"author":[{"embeddable":true,"href":"https:\/\/www.koerperbewusstessen.at\/index.php?rest_route=\/wp\/v2\/users\/1"}],"replies":[{"embeddable":true,"href":"https:\/\/www.koerperbewusstessen.at\/index.php?rest_route=%2Fwp%2Fv2%2Fcomments&post=477"}],"version-history":[{"count":1,"href":"https:\/\/www.koerperbewusstessen.at\/index.php?rest_route=\/wp\/v2\/pages\/477\/revisions"}],"predecessor-version":[{"id":478,"href":"https:\/\/www.koerperbewusstessen.at\/index.php?rest_route=\/wp\/v2\/pages\/477\/revisions\/478"}],"wp:attachment":[{"href":"https:\/\/www.koerperbewusstessen.at\/index.php?rest_route=%2Fwp%2Fv2%2Fmedia&parent=477"}],"curies":[{"name":"wp","href":"https:\/\/api.w.org\/{rel}","templated":true}]}}

<p>Zu viele Informationen zu unterschiedlichen Gesundheitsthemen machen es schwer, allen zu folgen. Vor allem Ernährungstipps gibt es viele, zudem sollte man sich regelmäßig bewegen, seine Schlafqualität erhöhen und sich Zeit für dich selbst nehmen – doch wie lässt sich all das im Alltag unterbringen? Dieser Vortrag versucht aufzuzeigen, wie ein gesunder Tagesablauf aussehen kann &#8211; von Ernährung über Bewegung und Schlaf.</p>



<p></p>

<p>Zu viele Informationen zu unterschiedlichen Gesundheitsthemen machen es schwer, allen zu folgen. Vor allem Ernährungstipps gibt es viele, zudem sollte man sich regelmäßig bewegen, seine Schlafqualität erhöhen und sich Zeit für dich selbst nehmen – doch wie lässt sich all das im Alltag unterbringen? Dieser Vortrag versucht aufzuzeigen, wie ein gesunder Tagesablauf aussehen kann &#8211; [&hellip;]</p>
