{"id":471,"date":"2025-11-30T13:56:35","date_gmt":"2025-11-30T12:56:35","guid":{"rendered":"https:\/\/www.koerperbewusstessen.at\/?page_id=471"},"modified":"2025-11-30T13:56:36","modified_gmt":"2025-11-30T12:56:36","slug":"unser-essverhalten-unter-der-lupe","status":"publish","type":"page","link":"https:\/\/www.koerperbewusstessen.at\/?page_id=471","title":{"rendered":"Unser Essverhalten unter der Lupe"},"content":{"rendered":"\n<p>Die Gr\u00fcnde warum wir essen und was wir w\u00e4hlen, h\u00e4ngt von vielen Faktoren ab und \u00e4ndert sich im Laufe des Lebens. Was sind Ihre Essgewohnheiten und wie zufrieden ist Ihr K\u00f6rper damit? Warum essen oder trinken Sie das, was sie essen und trinken? Nur durch das Bewusstmachen, Verstehen und Erkennen k\u00f6nnen antrainierte Essgewohnheiten ver\u00e4ndert werden. Es ist also hilfreich mal genau hinzusehen und das eigene Verhalten zu analysieren.<\/p>\n","protected":false},"excerpt":{"rendered":"<p>Die Gr\u00fcnde warum wir essen und was wir w\u00e4hlen, h\u00e4ngt von vielen Faktoren ab und \u00e4ndert sich im Laufe des Lebens. Was sind Ihre Essgewohnheiten und wie zufrieden ist Ihr K\u00f6rper damit? Warum essen oder trinken Sie das, was sie essen und trinken? Nur durch das Bewusstmachen, Verstehen und Erkennen k\u00f6nnen antrainierte Essgewohnheiten ver\u00e4ndert werden. [&hellip;]<\/p>\n","protected":false},"author":1,"featured_media":0,"parent":0,"menu_order":0,"comment_status":"closed","ping_status":"closed","template":"","meta":{"footnotes":""},"class_list":["post-471","page","type-page","status-publish","hentry"],"_links":{"self":[{"href":"https:\/\/www.koerperbewusstessen.at\/index.php?rest_route=\/wp\/v2\/pages\/471","targetHints":{"allow":["GET"]}}],"collection":[{"href":"https:\/\/www.koerperbewusstessen.at\/index.php?rest_route=\/wp\/v2\/pages"}],"about":[{"href":"https:\/\/www.koerperbewusstessen.at\/index.php?rest_route=\/wp\/v2\/types\/page"}],"author":[{"embeddable":true,"href":"https:\/\/www.koerperbewusstessen.at\/index.php?rest_route=\/wp\/v2\/users\/1"}],"replies":[{"embeddable":true,"href":"https:\/\/www.koerperbewusstessen.at\/index.php?rest_route=%2Fwp%2Fv2%2Fcomments&post=471"}],"version-history":[{"count":1,"href":"https:\/\/www.koerperbewusstessen.at\/index.php?rest_route=\/wp\/v2\/pages\/471\/revisions"}],"predecessor-version":[{"id":472,"href":"https:\/\/www.koerperbewusstessen.at\/index.php?rest_route=\/wp\/v2\/pages\/471\/revisions\/472"}],"wp:attachment":[{"href":"https:\/\/www.koerperbewusstessen.at\/index.php?rest_route=%2Fwp%2Fv2%2Fmedia&parent=471"}],"curies":[{"name":"wp","href":"https:\/\/api.w.org\/{rel}","templated":true}]}}

<p>Die Gründe warum wir essen und was wir wählen, hängt von vielen Faktoren ab und ändert sich im Laufe des Lebens. Was sind Ihre Essgewohnheiten und wie zufrieden ist Ihr Körper damit? Warum essen oder trinken Sie das, was sie essen und trinken? Nur durch das Bewusstmachen, Verstehen und Erkennen können antrainierte Essgewohnheiten verändert werden. Es ist also hilfreich mal genau hinzusehen und das eigene Verhalten zu analysieren.</p>

<p>Die Gründe warum wir essen und was wir wählen, hängt von vielen Faktoren ab und ändert sich im Laufe des Lebens. Was sind Ihre Essgewohnheiten und wie zufrieden ist Ihr Körper damit? Warum essen oder trinken Sie das, was sie essen und trinken? Nur durch das Bewusstmachen, Verstehen und Erkennen können antrainierte Essgewohnheiten verändert werden. [&hellip;]</p>
