{"id":450,"date":"2025-11-30T13:23:51","date_gmt":"2025-11-30T12:23:51","guid":{"rendered":"https:\/\/www.koerperbewusstessen.at\/?page_id=450"},"modified":"2025-11-30T13:23:52","modified_gmt":"2025-11-30T12:23:52","slug":"ernaehrung-fuer-mehr-leistungsfaehigkeit","status":"publish","type":"page","link":"https:\/\/www.koerperbewusstessen.at\/?page_id=450","title":{"rendered":"Ern\u00e4hrung f\u00fcr mehr Leistungsf\u00e4higkeit"},"content":{"rendered":"\n<p>Die t\u00e4gliche Ern\u00e4hrung spielt eine grosse Rolle f\u00fcr ganzheitliche Gesundheit und das Wohlbefinden. Der Alltag fordert uns und manchmal fehlt die Energie, oder doch andere N\u00e4hrstoffe?&nbsp;<\/p>\n\n\n\n<p>Unsere\u00a0Nahrung liefert\u00a0N\u00e4hrstoffe mit\u00a0zahlreichen\u00a0Funktionen, die unser\u00a0K\u00f6rper braucht, um ihn beim pers\u00f6nlichen Ziel zu\u00a0unterst\u00fctzen.\u00a0Egal in welcher Situation man sich befindet, die Wahl des Essens\u00a0kann sie entscheidend\u00a0beeinflussen.\u00a0Welche N\u00e4hrstoffe in welcher Menge aufgenommen werden und welche Faktoren dabei beachtet werden sollten, erfahren Sie in diesem interaktiven\u00a0Vortrag.<\/p>\n","protected":false},"excerpt":{"rendered":"<p>Die t\u00e4gliche Ern\u00e4hrung spielt eine grosse Rolle f\u00fcr ganzheitliche Gesundheit und das Wohlbefinden. Der Alltag fordert uns und manchmal fehlt die Energie, oder doch andere N\u00e4hrstoffe?&nbsp; Unsere\u00a0Nahrung liefert\u00a0N\u00e4hrstoffe mit\u00a0zahlreichen\u00a0Funktionen, die unser\u00a0K\u00f6rper braucht, um ihn beim pers\u00f6nlichen Ziel zu\u00a0unterst\u00fctzen.\u00a0Egal in welcher Situation man sich befindet, die Wahl des Essens\u00a0kann sie entscheidend\u00a0beeinflussen.\u00a0Welche N\u00e4hrstoffe in welcher Menge aufgenommen [&hellip;]<\/p>\n","protected":false},"author":1,"featured_media":0,"parent":0,"menu_order":0,"comment_status":"closed","ping_status":"closed","template":"","meta":{"footnotes":""},"class_list":["post-450","page","type-page","status-publish","hentry"],"_links":{"self":[{"href":"https:\/\/www.koerperbewusstessen.at\/index.php?rest_route=\/wp\/v2\/pages\/450","targetHints":{"allow":["GET"]}}],"collection":[{"href":"https:\/\/www.koerperbewusstessen.at\/index.php?rest_route=\/wp\/v2\/pages"}],"about":[{"href":"https:\/\/www.koerperbewusstessen.at\/index.php?rest_route=\/wp\/v2\/types\/page"}],"author":[{"embeddable":true,"href":"https:\/\/www.koerperbewusstessen.at\/index.php?rest_route=\/wp\/v2\/users\/1"}],"replies":[{"embeddable":true,"href":"https:\/\/www.koerperbewusstessen.at\/index.php?rest_route=%2Fwp%2Fv2%2Fcomments&post=450"}],"version-history":[{"count":1,"href":"https:\/\/www.koerperbewusstessen.at\/index.php?rest_route=\/wp\/v2\/pages\/450\/revisions"}],"predecessor-version":[{"id":451,"href":"https:\/\/www.koerperbewusstessen.at\/index.php?rest_route=\/wp\/v2\/pages\/450\/revisions\/451"}],"wp:attachment":[{"href":"https:\/\/www.koerperbewusstessen.at\/index.php?rest_route=%2Fwp%2Fv2%2Fmedia&parent=450"}],"curies":[{"name":"wp","href":"https:\/\/api.w.org\/{rel}","templated":true}]}}