{"id":10,"date":"2016-10-21T10:07:46","date_gmt":"2016-10-21T08:07:46","guid":{"rendered":"http:\/\/www.koerperbewusstessen.at\/?page_id=10"},"modified":"2025-12-22T19:58:19","modified_gmt":"2025-12-22T18:58:19","slug":"ernaehrungsvortrag-workshop","status":"publish","type":"page","link":"https:\/\/www.koerperbewusstessen.at\/?page_id=10","title":{"rendered":"Ern\u00e4hrungsvortrag\/-workshop"},"content":{"rendered":"\n<p><strong>Einfach, verst\u00e4ndlich, praxisnah und interaktiv!<\/strong><\/p>\n\n\n<p><img loading=\"lazy\" decoding=\"async\" class=\"size-medium wp-image-153 alignright\" src=\"http:\/\/www.koerperbewusstessen.at\/wp-content\/uploads\/2016\/10\/foto-lerch-230319-klein-300x225.jpg\" alt=\"\" width=\"300\" height=\"225\" srcset=\"https:\/\/www.koerperbewusstessen.at\/wp-content\/uploads\/2016\/10\/foto-lerch-230319-klein-300x225.jpg 300w, https:\/\/www.koerperbewusstessen.at\/wp-content\/uploads\/2016\/10\/foto-lerch-230319-klein-768x576.jpg 768w, https:\/\/www.koerperbewusstessen.at\/wp-content\/uploads\/2016\/10\/foto-lerch-230319-klein-1024x768.jpg 1024w, https:\/\/www.koerperbewusstessen.at\/wp-content\/uploads\/2016\/10\/foto-lerch-230319-klein-676x507.jpg 676w, https:\/\/www.koerperbewusstessen.at\/wp-content\/uploads\/2016\/10\/foto-lerch-230319-klein.jpg 1200w\" sizes=\"auto, (max-width: 300px) 100vw, 300px\" \/><\/p>\n<p data-start=\"117\" data-end=\"376\">Mein Ziel ist es, die Inhalte einfach und verst\u00e4ndlich zu vermitteln, sowie mich auf das Wesentliche zu konzentrieren &#8211; darum verzichte ich bewusst auf komplizierte Fachsprache und technische Spielereien. Meine Informationen sollen den Zuh\u00f6rerInnen helfen im Umgang mit dem riesigen Thema der Ern\u00e4hrung. Dabei verwende ich gerne bildhafte Vergleiche und Beispiele aus der Praxis, denn so bleibt es l\u00e4nger in Erinnerung und erleichtert das Umsetzen. Zudem lade ich das Publikum ein aktiv mitzumachen, stelle Fragen, und versuche so die gemeinsame Zeit lebendig und kurzweilig zu gestalten. Ein <u>Ern\u00e4hrungsvortrag<\/u> dauert ca. 1 Stunde. Nach dem Vortrag bleibt immer genug Zeit f\u00fcr Fragen des Publikums.<\/p>\n<p>Folgende Vortr\u00e4ge stehen zur Auswahl und kosten 450\u20ac plus Anfahrtskosten (0,5\u20ac\/km):<\/p>\n<p><strong>Vortr\u00e4ge zum Thema Energie und Leistungsf\u00e4higkeit im Alltag und Sport<\/strong><\/p>\n<ol>\n<li><a href=\"https:\/\/www.koerperbewusstessen.at\/?page_id=450\">Ern\u00e4hrung f\u00fcr mehr Leistungsf\u00e4higkeit oder Ern\u00e4hrung f\u00fcr mehr Energie im Alltag<\/a><\/li>\n<li><a href=\"https:\/\/www.koerperbewusstessen.at\/?page_id=444\">Ern\u00e4hrung f\u00fcr eine gesunde Zelle<\/a><\/li>\n<li><a href=\"https:\/\/www.koerperbewusstessen.at\/?page_id=447\">Ern\u00e4hrung und Sport<\/a><\/li>\n<\/ol>\n<p><strong>Vortr\u00e4ge zum Thema Verhalten und Umgang mit unserer Nahrung<\/strong><\/p>\n<ol>\n<li><a href=\"https:\/\/www.koerperbewusstessen.at\/?page_id=474\">Gewohnheiten \u00e4ndern &#8211; ganzheitliche Gesundheit<\/a><\/li>\n<li><a href=\"https:\/\/www.koerperbewusstessen.at\/?page_id=477\">Der ideale Tag &#8211; wie passen alle Empfehlungen in einen Tag?<\/a><\/li>\n<li><a href=\"https:\/\/www.koerperbewusstessen.at\/?page_id=471\">Unser Essverhalten unter der Lupe<\/a><\/li>\n<li><a href=\"https:\/\/www.koerperbewusstessen.at\/?page_id=463\">Von verstecktem Zucker und anderen Zuckerfallen<\/a><\/li>\n<li><a href=\"https:\/\/www.koerperbewusstessen.at\/?page_id=460\">Mit K\u00f6pfchen durch den Supermarkt<\/a><\/li>\n<\/ol>\n<p><strong>Vortr\u00e4ge zu Gesundheitsthemen<\/strong><\/p>\n<ol>\n<li><a href=\"https:\/\/www.koerperbewusstessen.at\/?page_id=480\">Darm als Zentrum der Gesundheit<\/a><\/li>\n<li><a href=\"https:\/\/www.koerperbewusstessen.at\/?page_id=467\">Gewichtsoptimierung &#8211; was ist ideal?<\/a><\/li>\n<li><a href=\"https:\/\/www.koerperbewusstessen.at\/?page_id=456\">Ern\u00e4hrung und Bewegung f\u00fcr gesunde 100 Jahre<\/a><\/li>\n<\/ol>\n<p>Wenn ein anderer Inhalt gew\u00fcnscht wird, erh\u00f6hen sich die Kosten durch Neuerstellung um 80\u20ac\/h.<\/p>\n<p><img loading=\"lazy\" decoding=\"async\" class=\"size-medium wp-image-154 alignright\" src=\"http:\/\/www.koerperbewusstessen.at\/wp-content\/uploads\/2016\/10\/foto-lerch-230319-klein-3-300x225.jpg\" alt=\"\" width=\"300\" height=\"225\" srcset=\"https:\/\/www.koerperbewusstessen.at\/wp-content\/uploads\/2016\/10\/foto-lerch-230319-klein-3-300x225.jpg 300w, https:\/\/www.koerperbewusstessen.at\/wp-content\/uploads\/2016\/10\/foto-lerch-230319-klein-3-768x576.jpg 768w, https:\/\/www.koerperbewusstessen.at\/wp-content\/uploads\/2016\/10\/foto-lerch-230319-klein-3-1024x768.jpg 1024w, https:\/\/www.koerperbewusstessen.at\/wp-content\/uploads\/2016\/10\/foto-lerch-230319-klein-3-676x507.jpg 676w, https:\/\/www.koerperbewusstessen.at\/wp-content\/uploads\/2016\/10\/foto-lerch-230319-klein-3.jpg 1200w\" sizes=\"auto, (max-width: 300px) 100vw, 300px\" \/>Der <u>Workshop<\/u> unterscheidet sich zum Vortrag durch Dauer, Gruppengr\u00f6\u00dfe und Intensit\u00e4t. Hier wird ein Ern\u00e4hrungsthema intensiver mit den Teilnehmern erarbeitet und mit Aufgaben erg\u00e4nzt, welche die Bearbeitung pers\u00f6nlicher Anliegen zulassen. Daher sind kleinere Gruppen von bis zu 15 Personen von Vorteil.\u00a0<\/p>\n<ul>\n<li>2h: 500\u20ac<\/li>\n<li>3h: 700\u20ac<\/li>\n<li>4h: 900\u20ac<\/li>\n<li>5h: 1100\u20ac<br \/>plus Vorbereitungszeit (80\u20ac\/h)<br \/>plus Anfahrtskosten (0,5\u20ac\/km)<\/li>\n<\/ul>\n<div style=\"width: 100%; height: 75px; background-color: #4c8c2b; line-height: 75px; margin: 10px; text-align: center; vertical-align: middle; color: white; border-radius: 25px; cursor: pointer;\"><a style=\"color: white; display: block;\" href=\"http:\/\/www.koerperbewusstessen.at\/?page_id=14\">Anfrage absenden<\/a><\/div>","protected":false},"excerpt":{"rendered":"<p>Einfach, verst\u00e4ndlich, praxisnah und interaktiv! Mein Ziel ist es, die Inhalte einfach und verst\u00e4ndlich zu vermitteln, sowie mich auf das Wesentliche zu konzentrieren &#8211; darum verzichte ich bewusst auf komplizierte Fachsprache und technische Spielereien. Meine Informationen sollen den Zuh\u00f6rerInnen helfen im Umgang mit dem riesigen Thema der Ern\u00e4hrung. Dabei verwende ich gerne bildhafte Vergleiche und [&hellip;]<\/p>\n","protected":false},"author":1,"featured_media":0,"parent":0,"menu_order":0,"comment_status":"closed","ping_status":"closed","template":"template-fullwidth.php","meta":{"footnotes":""},"class_list":["post-10","page","type-page","status-publish","hentry"],"_links":{"self":[{"href":"https:\/\/www.koerperbewusstessen.at\/index.php?rest_route=\/wp\/v2\/pages\/10","targetHints":{"allow":["GET"]}}],"collection":[{"href":"https:\/\/www.koerperbewusstessen.at\/index.php?rest_route=\/wp\/v2\/pages"}],"about":[{"href":"https:\/\/www.koerperbewusstessen.at\/index.php?rest_route=\/wp\/v2\/types\/page"}],"author":[{"embeddable":true,"href":"https:\/\/www.koerperbewusstessen.at\/index.php?rest_route=\/wp\/v2\/users\/1"}],"replies":[{"embeddable":true,"href":"https:\/\/www.koerperbewusstessen.at\/index.php?rest_route=%2Fwp%2Fv2%2Fcomments&post=10"}],"version-history":[{"count":42,"href":"https:\/\/www.koerperbewusstessen.at\/index.php?rest_route=\/wp\/v2\/pages\/10\/revisions"}],"predecessor-version":[{"id":490,"href":"https:\/\/www.koerperbewusstessen.at\/index.php?rest_route=\/wp\/v2\/pages\/10\/revisions\/490"}],"wp:attachment":[{"href":"https:\/\/www.koerperbewusstessen.at\/index.php?rest_route=%2Fwp%2Fv2%2Fmedia&parent=10"}],"curies":[{"name":"wp","href":"https:\/\/api.w.org\/{rel}","templated":true}]}}

Ernährungsvortrag/-workshop

<p><strong>Einfach, verständlich, praxisnah und interaktiv!</strong></p>


<p><img loading="lazy" decoding="async" class="size-medium wp-image-153 alignright" src="http://www.koerperbewusstessen.at/wp-content/uploads/2016/10/foto-lerch-230319-klein-300x225.jpg" alt="" width="300" height="225" srcset="https://www.koerperbewusstessen.at/wp-content/uploads/2016/10/foto-lerch-230319-klein-300x225.jpg 300w, https://www.koerperbewusstessen.at/wp-content/uploads/2016/10/foto-lerch-230319-klein-768x576.jpg 768w, https://www.koerperbewusstessen.at/wp-content/uploads/2016/10/foto-lerch-230319-klein-1024x768.jpg 1024w, https://www.koerperbewusstessen.at/wp-content/uploads/2016/10/foto-lerch-230319-klein-676x507.jpg 676w, https://www.koerperbewusstessen.at/wp-content/uploads/2016/10/foto-lerch-230319-klein.jpg 1200w" sizes="auto, (max-width: 300px) 100vw, 300px" /></p>
<p data-start="117" data-end="376">Mein Ziel ist es, die Inhalte einfach und verständlich zu vermitteln, sowie mich auf das Wesentliche zu konzentrieren &#8211; darum verzichte ich bewusst auf komplizierte Fachsprache und technische Spielereien. Meine Informationen sollen den ZuhörerInnen helfen im Umgang mit dem riesigen Thema der Ernährung. Dabei verwende ich gerne bildhafte Vergleiche und Beispiele aus der Praxis, denn so bleibt es länger in Erinnerung und erleichtert das Umsetzen. Zudem lade ich das Publikum ein aktiv mitzumachen, stelle Fragen, und versuche so die gemeinsame Zeit lebendig und kurzweilig zu gestalten. Ein <u>Ernährungsvortrag</u> dauert ca. 1 Stunde. Nach dem Vortrag bleibt immer genug Zeit für Fragen des Publikums.</p>
<p>Folgende Vorträge stehen zur Auswahl und kosten 450€ plus Anfahrtskosten (0,5€/km):</p>
<p><strong>Vorträge zum Thema Energie und Leistungsfähigkeit im Alltag und Sport</strong></p>
<ol>
<li><a href="https://www.koerperbewusstessen.at/?page_id=450">Ernährung für mehr Leistungsfähigkeit oder Ernährung für mehr Energie im Alltag</a></li>
<li><a href="https://www.koerperbewusstessen.at/?page_id=444">Ernährung für eine gesunde Zelle</a></li>
<li><a href="https://www.koerperbewusstessen.at/?page_id=447">Ernährung und Sport</a></li>
</ol>
<p><strong>Vorträge zum Thema Verhalten und Umgang mit unserer Nahrung</strong></p>
<ol>
<li><a href="https://www.koerperbewusstessen.at/?page_id=474">Gewohnheiten ändern &#8211; ganzheitliche Gesundheit</a></li>
<li><a href="https://www.koerperbewusstessen.at/?page_id=477">Der ideale Tag &#8211; wie passen alle Empfehlungen in einen Tag?</a></li>
<li><a href="https://www.koerperbewusstessen.at/?page_id=471">Unser Essverhalten unter der Lupe</a></li>
<li><a href="https://www.koerperbewusstessen.at/?page_id=463">Von verstecktem Zucker und anderen Zuckerfallen</a></li>
<li><a href="https://www.koerperbewusstessen.at/?page_id=460">Mit Köpfchen durch den Supermarkt</a></li>
</ol>
<p><strong>Vorträge zu Gesundheitsthemen</strong></p>
<ol>
<li><a href="https://www.koerperbewusstessen.at/?page_id=480">Darm als Zentrum der Gesundheit</a></li>
<li><a href="https://www.koerperbewusstessen.at/?page_id=467">Gewichtsoptimierung &#8211; was ist ideal?</a></li>
<li><a href="https://www.koerperbewusstessen.at/?page_id=456">Ernährung und Bewegung für gesunde 100 Jahre</a></li>
</ol>
<p>Wenn ein anderer Inhalt gewünscht wird, erhöhen sich die Kosten durch Neuerstellung um 80€/h.</p>
<p><img loading="lazy" decoding="async" class="size-medium wp-image-154 alignright" src="http://www.koerperbewusstessen.at/wp-content/uploads/2016/10/foto-lerch-230319-klein-3-300x225.jpg" alt="" width="300" height="225" srcset="https://www.koerperbewusstessen.at/wp-content/uploads/2016/10/foto-lerch-230319-klein-3-300x225.jpg 300w, https://www.koerperbewusstessen.at/wp-content/uploads/2016/10/foto-lerch-230319-klein-3-768x576.jpg 768w, https://www.koerperbewusstessen.at/wp-content/uploads/2016/10/foto-lerch-230319-klein-3-1024x768.jpg 1024w, https://www.koerperbewusstessen.at/wp-content/uploads/2016/10/foto-lerch-230319-klein-3-676x507.jpg 676w, https://www.koerperbewusstessen.at/wp-content/uploads/2016/10/foto-lerch-230319-klein-3.jpg 1200w" sizes="auto, (max-width: 300px) 100vw, 300px" />Der <u>Workshop</u> unterscheidet sich zum Vortrag durch Dauer, Gruppengröße und Intensität. Hier wird ein Ernährungsthema intensiver mit den Teilnehmern erarbeitet und mit Aufgaben ergänzt, welche die Bearbeitung persönlicher Anliegen zulassen. Daher sind kleinere Gruppen von bis zu 15 Personen von Vorteil. </p>
<ul>
<li>2h: 500€</li>
<li>3h: 700€</li>
<li>4h: 900€</li>
<li>5h: 1100€<br />plus Vorbereitungszeit (80€/h)<br />plus Anfahrtskosten (0,5€/km)</li>
</ul>
<div style="width: 100%; height: 75px; background-color: #4c8c2b; line-height: 75px; margin: 10px; text-align: center; vertical-align: middle; color: white; border-radius: 25px; cursor: pointer;"><a style="color: white; display: block;" href="http://www.koerperbewusstessen.at/?page_id=14">Anfrage absenden</a></div>

<p>Einfach, verständlich, praxisnah und interaktiv! Mein Ziel ist es, die Inhalte einfach und verständlich zu vermitteln, sowie mich auf das Wesentliche zu konzentrieren &#8211; darum verzichte ich bewusst auf komplizierte Fachsprache und technische Spielereien. Meine Informationen sollen den ZuhörerInnen helfen im Umgang mit dem riesigen Thema der Ernährung. Dabei verwende ich gerne bildhafte Vergleiche und [&hellip;]</p>
